{"id":439,"date":"2020-09-28T22:43:07","date_gmt":"2020-09-28T20:43:07","guid":{"rendered":"https:\/\/zintl-bodenmais.de\/shop_\/?post_type=product&#038;p=439"},"modified":"2022-08-11T15:19:24","modified_gmt":"2022-08-11T13:19:24","slug":"ernstes-design-herzanhaenger-an883","status":"publish","type":"product","link":"https:\/\/zintl-bodenmais.de\/shop_\/?product=ernstes-design-herzanhaenger-an883","title":{"rendered":"Ernstes Design Herzanh\u00e4nger AN883"},"content":{"rendered":"<p><strong><span><span style=\"font-size: small\">Ernstes Design\u00a0<\/span><\/span><\/strong><strong><span><span style=\"font-size: small\">Anh\u00e4nger AN883<\/span><\/span><\/strong><span><span style=\"font-size: small\"><\/span><\/span><span><\/span><\/p>\n<ul>\n<li><span><span style=\"font-size: small\">Edelstahl<\/span><\/span><\/li>\n<li><span><span style=\"font-size: small\">teilweise Ros\u00e9gold beschichtet<\/span><\/span><\/li>\n<li><span><span style=\"font-size: small\">matt\/poliert\/gekratzt<\/span><\/span><\/li>\n<li><span><span style=\"font-size: small\">Gr\u00f6\u00dfe ca. 44 x 54 mm<\/span><\/span><\/li>\n<li><span><span style=\"font-size: small\">maximal passend f\u00fcr Ketten bis \u00d8 2 mm<\/span><\/span><\/li>\n<\/ul>\n<p>&nbsp;<\/p>\n<p>Pflegehinweise:<\/p>\n<ul>\n<li>Bewahren Sie Ihren Schmuck nicht in feuchten R\u00e4umen auf \u2013 Feuchtigkeit l\u00e4sst vor allem Silber mit der Zeit sulfidieren\/anlaufen<\/li>\n<li>Benutzen Sie keine scharfen Reinigungsmittel, warmes Wasser gen\u00fcgt, um Verschmutzungen zu entfernen<\/li>\n<li>Silber- und Goldschmuck ohne Besatz\/Verzierungen\/Zubeh\u00f6r von Perlen, Farbsteinen, Lackschichten, Emaille, Karbon, Kautschuk, Leder, Silikon etc. l\u00e4sst sich problemlos mit den passenden Schmuckreinigungst\u00fcchern pflegen<\/li>\n<li>Legen Sie Ihren Schmuck erst nach dem Auftragen von Kosmetika an \u2013 Haarlack, Puder, Parfums, Deodorants, Sonnencremes etc. schaden Ihrem Schmuck<\/li>\n<li>Bewahren Sie Ihren Schmuck am besten in einem mehrteiligen Schmuckk\u00e4stchen auf. So vermeiden Sie bestm\u00f6glich gegenseitigen Abrieb und Kratzer<\/li>\n<\/ul>\n","protected":false},"excerpt":{"rendered":"<p>Ernstes Design\u00a0Anh\u00e4nger AN883 Edelstahl teilweise Ros\u00e9gold beschichtet matt\/poliert\/gekratzt Gr\u00f6\u00dfe ca. 44 x 54 mm maximal passend f\u00fcr Ketten bis \u00d8 2 mm &nbsp; Pflegehinweise: Bewahren Sie Ihren Schmuck nicht in feuchten R\u00e4umen auf \u2013 Feuchtigkeit l\u00e4sst vor allem Silber mit der Zeit sulfidieren\/anlaufen Benutzen Sie keine scharfen Reinigungsmittel, warmes Wasser [&hellip;]<\/p>\n","protected":false},"featured_media":440,"template":"","meta":[],"product_brand":[],"product_cat":[62],"product_tag":[],"class_list":{"0":"post-439","1":"product","2":"type-product","3":"status-publish","4":"has-post-thumbnail","6":"product_cat-ernstes-design","8":"first","9":"instock","10":"taxable","11":"shipping-taxable","12":"purchasable","13":"product-type-simple"},"aioseo_notices":[],"jetpack_sharing_enabled":true,"_links":{"self":[{"href":"https:\/\/zintl-bodenmais.de\/shop_\/index.php?rest_route=\/wp\/v2\/product\/439","targetHints":{"allow":["GET"]}}],"collection":[{"href":"https:\/\/zintl-bodenmais.de\/shop_\/index.php?rest_route=\/wp\/v2\/product"}],"about":[{"href":"https:\/\/zintl-bodenmais.de\/shop_\/index.php?rest_route=\/wp\/v2\/types\/product"}],"wp:featuredmedia":[{"embeddable":true,"href":"https:\/\/zintl-bodenmais.de\/shop_\/index.php?rest_route=\/wp\/v2\/media\/440"}],"wp:attachment":[{"href":"https:\/\/zintl-bodenmais.de\/shop_\/index.php?rest_route=%2Fwp%2Fv2%2Fmedia&parent=439"}],"wp:term":[{"taxonomy":"product_brand","embeddable":true,"href":"https:\/\/zintl-bodenmais.de\/shop_\/index.php?rest_route=%2Fwp%2Fv2%2Fproduct_brand&post=439"},{"taxonomy":"product_cat","embeddable":true,"href":"https:\/\/zintl-bodenmais.de\/shop_\/index.php?rest_route=%2Fwp%2Fv2%2Fproduct_cat&post=439"},{"taxonomy":"product_tag","embeddable":true,"href":"https:\/\/zintl-bodenmais.de\/shop_\/index.php?rest_route=%2Fwp%2Fv2%2Fproduct_tag&post=439"}],"curies":[{"name":"wp","href":"https:\/\/api.w.org\/{rel}","templated":true}]}}