{"id":47,"date":"2020-04-01T15:17:14","date_gmt":"2020-04-01T13:17:14","guid":{"rendered":"https:\/\/zintl-bodenmais.de\/shop_\/versandarten\/"},"modified":"2020-04-06T19:30:37","modified_gmt":"2020-04-06T17:30:37","slug":"versandarten","status":"publish","type":"page","link":"https:\/\/zintl-bodenmais.de\/shop_\/?page_id=47","title":{"rendered":"Versandarten"},"content":{"rendered":"\n<p>Wir versenden in individuellen DHL-Paketen.<\/p>\n\n\n\n<p>Versandkostenfrei ab 100,00 Euro<\/p>\n\n\n\n<p>Versand nur in Deutschland<\/p>\n\n\n\n<p>Versand nach 3 &#8211; 5 Werktagen<\/p>\n\n\n\n<p>Auszug aus den AGB<\/p>\n\n\n\n<p><strong>\u00a7 4 Lieferung&nbsp;<\/strong><\/p>\n\n\n\n<p>1. Die Lieferung erfolgt durch Sendung des Kaufgegenstands an die vom K\u00e4ufer mitgeteilte Adresse. Soweit Lieferung gegen Vorkasse vereinbart ist, betr\u00e4gt die Lieferfrist 5 Werktage (Sonderanfertigungen und wunschgem\u00e4\u00dfe Auf\u00fchrung ausgenommen) nach Erhalt des Kaufpreises. Ansonsten betr\u00e4gt die Lieferfrist 5 Werktage nach Versand der Auftragsbest\u00e4tigung.<br>2. Die Kosten f\u00fcr den Versand des Kaufgegenstands in Deutschland betragen 4,90 EURO und sind vom K\u00e4ufer zu tragen (siehe auch unter Versandkosten). Wenn der K\u00e4ufer eine spezielle Art der Versendung w\u00fcnscht, bei der h\u00f6here Kosten anfallen, so hat er auch diese Mehrkosten zu tragen. Ab einem Bestellwert von 100 \u20ac erfolgt die Lieferung versandkostenfrei.<br>3. Erwirbt der K\u00e4ufer den Kaufgegenstand f\u00fcr seine gewerbliche oder berufliche T\u00e4tigkeit, geht die Gefahr des zuf\u00e4lligen Untergangs und der zuf\u00e4lligen Verschlechterung des Kaufgegenstands auf ihn \u00fcber<br>R\u00fccksendekosten, wenn der K\u00e4ufer Verbraucher ist:<br>Als Verbraucher haben Sie im Fall des Widerrufs die Kosten der R\u00fccksendung zu tragen<\/p>\n","protected":false},"excerpt":{"rendered":"<p>Wir versenden in individuellen DHL-Paketen. Versandkostenfrei ab 100,00 Euro Versand nur in Deutschland Versand nach 3 &#8211; 5 Werktagen Auszug aus den AGB \u00a7 4 Lieferung&nbsp; 1. Die Lieferung erfolgt durch Sendung des Kaufgegenstands an die vom K\u00e4ufer mitgeteilte Adresse. Soweit Lieferung gegen Vorkasse vereinbart ist, betr\u00e4gt die Lieferfrist 5 [&hellip;]<\/p>\n","protected":false},"author":1,"featured_media":0,"parent":0,"menu_order":0,"comment_status":"closed","ping_status":"closed","template":"","meta":{"footnotes":""},"class_list":["post-47","page","type-page","status-publish","hentry"],"aioseo_notices":[],"jetpack_sharing_enabled":true,"_links":{"self":[{"href":"https:\/\/zintl-bodenmais.de\/shop_\/index.php?rest_route=\/wp\/v2\/pages\/47","targetHints":{"allow":["GET"]}}],"collection":[{"href":"https:\/\/zintl-bodenmais.de\/shop_\/index.php?rest_route=\/wp\/v2\/pages"}],"about":[{"href":"https:\/\/zintl-bodenmais.de\/shop_\/index.php?rest_route=\/wp\/v2\/types\/page"}],"author":[{"embeddable":true,"href":"https:\/\/zintl-bodenmais.de\/shop_\/index.php?rest_route=\/wp\/v2\/users\/1"}],"replies":[{"embeddable":true,"href":"https:\/\/zintl-bodenmais.de\/shop_\/index.php?rest_route=%2Fwp%2Fv2%2Fcomments&post=47"}],"version-history":[{"count":0,"href":"https:\/\/zintl-bodenmais.de\/shop_\/index.php?rest_route=\/wp\/v2\/pages\/47\/revisions"}],"wp:attachment":[{"href":"https:\/\/zintl-bodenmais.de\/shop_\/index.php?rest_route=%2Fwp%2Fv2%2Fmedia&parent=47"}],"curies":[{"name":"wp","href":"https:\/\/api.w.org\/{rel}","templated":true}]}}