{"id":45,"date":"2020-04-01T15:17:14","date_gmt":"2020-04-01T13:17:14","guid":{"rendered":"https:\/\/zintl-bodenmais.de\/shop_\/agb\/"},"modified":"2020-04-06T19:36:53","modified_gmt":"2020-04-06T17:36:53","slug":"agb","status":"publish","type":"page","link":"https:\/\/zintl-bodenmais.de\/shop_\/?page_id=45","title":{"rendered":"AGB"},"content":{"rendered":"\n<p><strong>ALLGEMEINE GESCH\u00c4FTSBEDINGUNGEN<\/strong><strong><\/strong><\/p>\n\n\n\n<p><br>Juwelier Zintl e.K.<\/p>\n\n\n\n<p>Andreas Zintl<\/p>\n\n\n\n<p>Finkenweg 2<\/p>\n\n\n\n<p>94249 Bodenmais<\/p>\n\n\n\n<p><strong><br>\u00a7 1 Allgemeines, Geltungsbereich&nbsp;<\/strong><strong><\/strong><\/p>\n\n\n\n<p>1. Die folgenden Allgemeinen Gesch\u00e4ftsbedingungen (AGB) regeln das Vertragsverh\u00e4ltnis zwischen Juwelier Zintl e.K.\u00a0\u00a0und den Verbrauchern und Unternehmern, die das Internetangebot von\u00a0<a href=\"https:\/\/dachschmuck.de\/\">zintl-bodenmais.de<\/a>\u00a0nutzen (im Folgenden \u201eK\u00e4ufer\u201c genannt). Die AGB betreffen die Nutzung der Website\u00a0<a href=\"https:\/\/dachschmuck.de\/\">zintl-bodenmais.de<\/a>\u00a0\u00a0sowie alle zu dieser Domain geh\u00f6renden Subdomains. Ma\u00dfgeblich ist jeweils die zum Zeitpunkt des Vertragsschlusses g\u00fcltige Fassung. Die Vertragssprache ist Deutsch.<br>2. Verbraucher im Sinne dieser Gesch\u00e4ftsbedingungen sind nat\u00fcrliche Personen, die mit\u00a0<a href=\"https:\/\/dachschmuck.de\/\">zintl-bodenmais.de<\/a>\u00a0\u00a0in Gesch\u00e4ftsbeziehung treten, ohne dass dies ihrer gewerblichen oder selbst\u00e4ndigen beruflichen T\u00e4tigkeit zugerechnet werden kann.<br>Unternehmer im Sinne dieser Gesch\u00e4ftsbedingungen sind nat\u00fcrliche und juristische Personen oder rechtsf\u00e4hige Personengesellschaften, die in Aus\u00fcbung ihrer gewerblichen oder selbstst\u00e4ndigen beruflichen T\u00e4tigkeit mit\u00a0<a href=\"https:\/\/dachschmuck.de\/\">zintl-bodenmais.de<\/a>\u00a0\u00a0in eine Gesch\u00e4ftsbeziehung treten.<br>3. Der vorhandenen AGB von Unternehmern wird bei einer Bestellung hiermit widersprochen.<br><br><\/p>\n\n\n\n<p><strong>\u00a7 2 Vertragsschluss&nbsp;<\/strong><strong><\/strong><\/p>\n\n\n\n<ol class=\"wp-block-list\" type=\"1\"><li>Die Angebote von\u00a0<a href=\"https:\/\/dachschmuck.de\/\">zintl-bodenmais.de<\/a>\u00a0\u00a0im Internet stellen eine unverbindliche Aufforderung an den K\u00e4ufer dar bei \u00a0<a href=\"https:\/\/dachschmuck.de\/\">zintl-bodenmais.de<\/a>\u00a0\u00a0Waren zu bestellen.<\/li><li>Durch die Bestellung des gew\u00fcnschten Kaufgegenstands im Internet gibt der K\u00e4ufer ein verbindliches Angebot auf Abschluss eines Kaufvertrages ab.<\/li><li><a href=\"https:\/\/dachschmuck.de\/\">zintl-bodenmais.de<\/a>\u00a0 ist berechtigt, dieses Angebot innerhalb von 14 Tagen unter Zusendung einer Auftragsbest\u00e4tigung anzunehmen. Die Auftragsbest\u00e4tigung wird \u00fcbermittelt durch Email. Nach fruchtlosem Ablauf der in Satz 1 genannten Frist gilt das Angebot als abgelehnt.<\/li><li>Kundeninformation zum Bestellvorgang \u2013 Berichtigungshinweis<\/li><li>Geben Sie bei Ihrem Kauf die gew\u00fcnschte St\u00fcckzahl und gegebenenfalls die Gr\u00f6\u00dfe ein wenn Sie auf Details oder das Foto des Angebotes geklickt haben. Nach dem Klicken auf den Button \u2013 Warenkorb \u2013 \u00f6ffnet sich eine neue \u00dcbersichtsseite auf der sie Ihre Bestellung kontrollieren k\u00f6nnen. Bei einem Abbruch der Bestellung k\u00f6nnen Sie auf den Button \u2013 X \u2013 klicken. Die Bestellung ist dann storniert. Sie k\u00f6nnen nun den Bestellvorgang noch einmal t\u00e4tigen. Bei einem Abbruch der Bestellung k\u00f6nnen Sie aber auch das Browserfenster schlie\u00dfen, dies ist auf allen Seiten des Bestellvorgangs m\u00f6glich.\u00a0 Erst mit dem Klick auf \u2013 jetzt bestellen \u2013 auf der letzten Seite des Bestellvorgangs wird die Erkl\u00e4rung verbindlich. Auf den einzelnen Seiten erhalten Sie weitere Informationen, z.B. zu Korrekturm\u00f6glichkeiten.\u00a0<\/li><li>Bei den Schmuckst\u00fccken und Uhren handelt es sich \u00fcberwiegend um Einzelst\u00fccke. Sollte ein Artikel nicht mehr verf\u00fcgbar sein, wird der K\u00e4ufer per Email benachrichtigt und das Angebot abgelehnt.<\/li><\/ol>\n\n\n\n<p><strong>\u00a7 3 Zahlung, F\u00e4lligkeit, Zahlungsverzug&nbsp;<\/strong><strong><\/strong><\/p>\n\n\n\n<p>1. Die Bezahlung der Waren erfolgt per Vorkasse oder PayPal. Wir behalten uns das Recht vor, im Einzelfall bestimmte Zahlungsarten zu akzeptieren oder auszuschlie\u00dfen.<br>2. Bei Zahlung per Vorkasse verpflichtet sich der K\u00e4ufer, den Kaufpreis nach Vertragsschluss unverz\u00fcglich zu zahlen.<br>3. Befindet sich der K\u00e4ufer im Zahlungsverzug, hat er w\u00e4hrenddessen jede Fahrl\u00e4ssigkeit zu vertreten. Er haftet wegen der Leistung auch f\u00fcr Zufall, es sei denn, dass der Schaden auch bei rechtzeitiger Leistung eingetreten sein w\u00fcrde.<br>4. Der Kaufpreis ist w\u00e4hrend des Verzugs zu verzinsen. Der Verzugszinssatz betr\u00e4gt f\u00fcr das Jahr f\u00fcnf Prozentpunkte \u00fcber dem Basiszinssatz. Bei Rechtsgesch\u00e4ften, an denen ein Verbraucher nicht beteiligt ist, betr\u00e4gt der Zinssatz acht Prozentpunkte \u00fcber dem Basiszinssatz.<br>5. Die Geltendmachung eines weiteren Schadens ist nicht ausgeschlossen.\u00a0<\/p>\n\n\n\n<p><strong>\u00a7 4 Lieferung&nbsp;<\/strong><strong><\/strong><\/p>\n\n\n\n<p>1. Die Lieferung erfolgt durch Sendung des Kaufgegenstands an die vom K\u00e4ufer mitgeteilte Adresse. Soweit Lieferung gegen Vorkasse vereinbart ist, betr\u00e4gt die Lieferfrist 5 Werktage (Sonderanfertigungen und wunschgem\u00e4\u00dfe Auf\u00fchrung ausgenommen) nach Erhalt des Kaufpreises. Ansonsten betr\u00e4gt die Lieferfrist 5 Werktage nach Versand der Auftragsbest\u00e4tigung.<br>2. Die Kosten f\u00fcr den Versand des Kaufgegenstands in Deutschland betragen 4,90 EURO und sind vom K\u00e4ufer zu tragen (siehe auch unter Versandkosten). Wenn der K\u00e4ufer eine spezielle Art der Versendung w\u00fcnscht, bei der h\u00f6here Kosten anfallen, so hat er auch diese Mehrkosten zu tragen. Ab einem Bestellwert von 100 \u20ac erfolgt die Lieferung versandkostenfrei.<br>3. Erwirbt der K\u00e4ufer den Kaufgegenstand f\u00fcr seine gewerbliche oder berufliche T\u00e4tigkeit, geht die Gefahr des zuf\u00e4lligen Untergangs und der zuf\u00e4lligen Verschlechterung des Kaufgegenstands auf ihn \u00fcber<br>R\u00fccksendekosten, wenn der K\u00e4ufer Verbraucher ist:<br>Als Verbraucher haben Sie im Fall des Widerrufs die Kosten der R\u00fccksendung zu tragen<\/p>\n\n\n\n<p><strong>\u00a7 5 Eigentumsvorbehalt&nbsp;<\/strong><strong><\/strong><\/p>\n\n\n\n<p>Der Kaufgegenstand bleibt bis zur vollst\u00e4ndigen Bezahlung Eigentum von<\/p>\n\n\n\n<p>&nbsp;<a href=\"https:\/\/dachschmuck.de\/\">zintl-bodenmais.de<\/a>. Vor Eigentums\u00fcbertragung ist eine Verpf\u00e4ndung, Sicherungs\u00fcbereignung, Verarbeitung oder Umgestaltung ohne ausdr\u00fcckliche Einwilligung von&nbsp;<a href=\"https:\/\/dachschmuck.de\/\">zintl-bodenmais.de<\/a>&nbsp;&nbsp;nicht zul\u00e4ssig.&nbsp;<\/p>\n\n\n\n<p><strong>\u00a7 6 Preise&nbsp;<\/strong><strong><\/strong><\/p>\n\n\n\n<p>Der im jeweiligen Angebot angegebene Preis f\u00fcr den Kaufgegenstand versteht sich als Endpreis einschlie\u00dflich eventuell anfallender Mehrwertsteuer und weiterer Preisbestandteile. Der Preis umfasst nicht die Liefer- und Versandkosten.&nbsp;<\/p>\n\n\n\n<p><strong>\u00a7 7 R\u00fccktritt&nbsp;<\/strong><strong><\/strong><\/p>\n\n\n\n<p>1.&nbsp;<a href=\"https:\/\/dachschmuck.de\/\">zintl-bodenmais<\/a>&nbsp; ist berechtigt, vom Vertrag auch hinsichtlich eines noch offenen Teils der Lieferung oder Leistung zur\u00fcckzutreten, wenn falsche Angaben \u00fcber die Kreditw\u00fcrdigkeit des K\u00e4ufers gemacht worden oder objektive Gr\u00fcnde hinsichtlich der Zahlungsunf\u00e4higkeit des K\u00e4ufers entstanden sind, bspw. die Er\u00f6ffnung eines Insolvenzverfahrens \u00fcber das Verm\u00f6gen des K\u00e4ufers oder die Abweisung eines solchen Verfahrens mangels kostendeckenden Verm\u00f6gens. Dem K\u00e4ufer wird vor R\u00fccktritt die M\u00f6glichkeit einger\u00e4umt, eine Vorauszahlung zu leisten oder eine taugliche Sicherheit zu erbringen.<br>2. Unbeschadet etwaiger Schadenersatzanspr\u00fcche sind im Falle des Teilr\u00fccktritts bereits erbrachte Teilleistungen vertragsgem\u00e4\u00df abzurechnen und zu bezahlen.&nbsp;<\/p>\n\n\n\n<p><strong>\u00a7 8 Gew\u00e4hrleistung&nbsp;<\/strong><strong><\/strong><\/p>\n\n\n\n<p>1. Gew\u00e4hrleistung gegen\u00fcber Verbrauchern<br>a)\u00a0<a href=\"https:\/\/dachschmuck.de\/\">zintl-bodenmais.de<\/a>\u00a0tr\u00e4gt Gew\u00e4hr daf\u00fcr, dass der Kaufgegenstand bei \u00dcbergabe mangelfrei ist. Zeigt sich innerhalb von sechs Monaten seit \u00dcbergabe des Kaufgegenstands ein Sachmangel, so wird vermutet, dass dieser bereits bei \u00dcbergabe mangelhaft war, es sei denn, diese Vermutung ist mit der Art des Kaufgegenstands oder des Mangels unvereinbar. Zeigt sich der Sachmangel erst nach Ablauf von sechs Monaten, muss der K\u00e4ufer beweisen, dass der Sachmangel bereits bei \u00dcbergabe des Kaufgegenstands vorlag.<br>b) Ist der Kaufgegenstand bei \u00dcbergabe mangelhaft, hat der K\u00e4ufer die Wahl, ob die Nacherf\u00fcllung durch Nachbesserung oder Ersatzlieferung erfolgen soll. \u00a0<a href=\"https:\/\/dachschmuck.de\/\">zintl-bodenmais.de<\/a>\u00a0ist berechtigt, die Art der gew\u00e4hlten Nacherf\u00fcllung zu verweigern, wenn sie nur mit unverh\u00e4ltnism\u00e4\u00dfigen Kosten m\u00f6glich ist und die andere Art der Nacherf\u00fcllung ohne erhebliche Nachteile f\u00fcr den K\u00e4ufer bleibt.<br>c) Schl\u00e4gt die Nacherf\u00fcllung fehl, kann der K\u00e4ufer grunds\u00e4tzlich nach seiner Wahl Herabsetzung des Kaufpreises (Minderung) oder R\u00fcckg\u00e4ngigmachung des Vertrags (R\u00fccktritt) sowie Schadensersatz verlangen. Bei nur geringf\u00fcgigen M\u00e4ngeln steht dem K\u00e4ufer kein R\u00fccktrittsrecht zu.<br>d) Die Gew\u00e4hrleistung richtet sich nach den gesetzlichen Vorschriften.<br>e) Information zur M\u00e4ngelhaftung: Es gilt die gesetzliche M\u00e4ngelhaftung<br>2. Gew\u00e4hrleistung gegen\u00fcber Unternehmern<br>a) Ist der Kauf f\u00fcr\u00a0<a href=\"https:\/\/dachschmuck.de\/\">zintl-bodenmais.de<\/a>\u00a0\u00a0und den K\u00e4ufer ein Handelsgesch\u00e4ft, hat der K\u00e4ufer die gelieferte Ware unverz\u00fcglich auf Qualit\u00e4ts- und Mengenabweichung zu untersuchen und\u00a0zintl-bodenmais.de\u00a0\u00a0erkennbare M\u00e4ngel innerhalb einer Frist von einer Woche ab Empfang der Ware schriftlich anzuzeigen; andernfalls ist die Geltendmachung des Gew\u00e4hrleistungsanspruchs ausgeschlossen. Verdeckte M\u00e4ngel sind\u00a0<a href=\"https:\/\/dachschmuck.de\/\">zintl-bodenmais.de<\/a>\u00a0\u00a0innerhalb einer Frist von einer Woche ab Entdeckung schriftlich anzuzeigen. Zur Fristwahrung gen\u00fcgt die rechtzeitige Absendung. Den K\u00e4ufer trifft in diesem Fall die volle Beweislast f\u00fcr s\u00e4mtliche Anspruchsvoraussetzungen, insbesondere f\u00fcr den Mangel selbst, f\u00fcr den Zeitpunkt der Feststellung des Mangels und f\u00fcr die Rechtzeitigkeit der M\u00e4ngelr\u00fcge.<br>b) Bei M\u00e4ngeln leistet\u00a0<a href=\"https:\/\/dachschmuck.de\/\">zintl-bodenmais.de<\/a>\u00a0nach eigener Wahl Gew\u00e4hr durch Nachbesserung oder Ersatzlieferung.<br>c) Die Anspr\u00fcche des K\u00e4ufers wegen M\u00e4ngeln verj\u00e4hren in einem Jahr. Diese Verj\u00e4hrungsfrist gilt nicht f\u00fcr Schadensersatzanspr\u00fcche.<br>3. Liefert\u00a0<a href=\"https:\/\/dachschmuck.de\/\">zintl-bodenmais.de<\/a>\u00a0\u00a0zum Zwecke der Nacherf\u00fcllung einen mangelfreien Kaufgegenstand, kann\u00a0<a href=\"https:\/\/dachschmuck.de\/\">zintl-bodenmais.de<\/a>\u00a0vom K\u00e4ufer R\u00fcckgew\u00e4hr des mangelhaften Kaufgegenstands verlangen.<br>4. Sch\u00e4den, die durch unsachgem\u00e4\u00dfe oder vertragswidrige Ma\u00dfnahmen des K\u00e4ufers bei Montage, Aufstellung, Anschluss, Bedienung oder Lagerung hervorgerufen werden, begr\u00fcnden keinen Anspruch gegen\u00a0<a href=\"https:\/\/dachschmuck.de\/\">zintl-bodenmais.de<\/a>\u00a0<\/p>\n\n\n\n<p><strong>\u00a7 9 Haftungsbeschr\u00e4nkung&nbsp;<\/strong><strong><\/strong><\/p>\n\n\n\n<p>1. F\u00fcr andere als durch Verletzung von Leben, K\u00f6rper und Gesundheit entstehende Sch\u00e4den haftet&nbsp;<a href=\"https:\/\/dachschmuck.de\/\">zintl-bodenmais.de<\/a>&nbsp;&nbsp;nur, soweit diese Sch\u00e4den auf vors\u00e4tzlichem oder grob fahrl\u00e4ssigem Handeln oder auf schuldhafter Verletzung einer wesentlichen Vertragspflicht durch&nbsp;<a href=\"https:\/\/dachschmuck.de\/\">zintl-bodenmais.de<\/a>&nbsp;&nbsp;oder deren Erf\u00fcllungsgehilfen beruhen. Vertragswesentlich ist eine Pflicht, deren Erf\u00fcllung die ordnungsgem\u00e4\u00dfe Durchf\u00fchrung des Vertrages \u00fcberhaupt erst erm\u00f6glicht und auf deren Einhaltung der K\u00e4ufer regelm\u00e4\u00dfig vertrauen darf. Eine dar\u00fcber hinausgehende Haftung auf Schadensersatz ist ausgeschlossen. Anspr\u00fcche aus einer von&nbsp;<a href=\"https:\/\/dachschmuck.de\/\">zintl-bodenmais.de<\/a>&nbsp;&nbsp;gegebenen Garantie f\u00fcr die Beschaffenheit des Kaufgegenstands und dem Produkthaftungsgesetz bleiben hiervon unber\u00fchrt.<br>2. Nach dem jetzigen Stand der Technik kann die Datenkommunikation \u00fcber das Internet nicht fehlerfrei und\/oder jederzeit verf\u00fcgbar gew\u00e4hrleistet werden. Wir haften daher nicht f\u00fcr die jederzeitige Verf\u00fcgbarkeit unseres Internetshops.&nbsp;<\/p>\n\n\n\n<p><strong>\u00a7 10 Mitteilung von Transportsch\u00e4den<\/strong><strong><\/strong><\/p>\n\n\n\n<p>1. Der Kunde wird zintl-bodenmais.de nach besten Kr\u00e4ften unterst\u00fctzen, soweit diese Anspr\u00fcche gegen\u00fcber dem betreffenden Transportunternehmen bzw. einer Transportversicherung geltend macht.<br>2. Warenlieferungen sind vom Kunden auf etwaige Transportsch\u00e4den zu \u00fcberpr\u00fcfen. Im Fall \u00e4u\u00dferlich erkennbarer Transportsch\u00e4den verpflichtet sich der Kunde, diese Sch\u00e4den auf den jeweiligen Versandpapieren zu vermerken und vom Zusteller quittieren zu lassen. Wird die Lieferung nicht zur\u00fcckgewiesen, ist die Verpackung aufzubewahren.<br>3. Ist der (teilweise) Verlust oder die Besch\u00e4digung der Ware \u00e4u\u00dferlich nicht erkennbar, hat der Kunde dies zintl-bodenmais.de&nbsp; innerhalb von 5 Tagen nach Ablieferung oder aber zumindest binnen 7 Tagen nach Ablieferung dem Transportunternehmen anzuzeigen, um so zu gew\u00e4hren, dass etwaige Anspr\u00fcche gegen\u00fcber dem Transportunternehmen rechtzeitig geltend gemacht werden.<br>4. Etwaige Rechte und Anspr\u00fcche des Kunden \u2013 vor allem die gesetzlichen Rechte des K\u00e4ufers bei M\u00e4ngeln der (Kauf-)Sache \u2013 bleiben von den vorstehenden Regelungen unber\u00fchrt. Diese beinhalten daher auch keine Ausschlussfrist f\u00fcr Rechte des Kunden dieser AGB.<\/p>\n\n\n\n<p><strong>\u00a7 11 Rechtswahl, Gerichtsstand&nbsp;<\/strong><strong><\/strong><\/p>\n\n\n\n<p>1. Alle Streitigkeiten aus diesem Rechtsverh\u00e4ltnis unterliegen dem Recht der Bundesrepublik Deutschland. Bei Verbrauchern gilt diese Rechtswahl nur insoweit, als nicht der gew\u00e4hrte Schutz durch zwingende Bestimmungen des Rechts des Staates, in dem der Verbraucher seinen gew\u00f6hnlichen Aufenthalt hat, entzogen wird. Die Geltung von UN-Kaufrecht ist ausgeschlossen.<br>2. Ist der K\u00e4ufer Kaufmann, juristische Person des \u00f6ffentlichen Rechts oder \u00f6ffentlich-rechtliches Sonderverm\u00f6gen ist ausschlie\u00dflicher Gerichtsstand f\u00fcr alle Streitigkeiten aus diesem Vertrag der Gesch\u00e4ftssitz von&nbsp;zintl-bodenmais.de. Dasselbe gilt, wenn der K\u00e4ufer keinen allgemeinen Gerichtsstand in Deutschland hat oder der Wohnsitz oder gew\u00f6hnlichen Aufenthalt im Zeitpunkt der Klageerhebung nicht bekannt sind.&nbsp;<\/p>\n\n\n\n<p><strong>\u00a7 12 Salvatorische Klausel&nbsp;<\/strong><strong><\/strong><\/p>\n\n\n\n<p>Sollte eine Bestimmung dieser AGB ung\u00fcltig oder undurchsetzbar sein oder werden, so bleiben die \u00fcbrigen Bestimmungen dieser AGB hiervon unber\u00fchrt, es sei denn, dass durch den Wegfall einzelner Klauseln eine Vertragspartei so unzumutbar benachteiligt w\u00fcrde, dass ihr ein Festhalten am Vertrag nicht mehr zugemutet werden kann.<br><br><\/p>\n\n\n<p>[gzd_complaints]<\/p>","protected":false},"excerpt":{"rendered":"<p>ALLGEMEINE GESCH\u00c4FTSBEDINGUNGEN Juwelier Zintl e.K. Andreas Zintl Finkenweg 2 94249 Bodenmais \u00a7 1 Allgemeines, Geltungsbereich&nbsp; 1. Die folgenden Allgemeinen Gesch\u00e4ftsbedingungen (AGB) regeln das Vertragsverh\u00e4ltnis zwischen Juwelier Zintl e.K.\u00a0\u00a0und den Verbrauchern und Unternehmern, die das Internetangebot von\u00a0zintl-bodenmais.de\u00a0nutzen (im Folgenden \u201eK\u00e4ufer\u201c genannt). Die AGB betreffen die Nutzung der Website\u00a0zintl-bodenmais.de\u00a0\u00a0sowie alle zu dieser [&hellip;]<\/p>\n","protected":false},"author":1,"featured_media":0,"parent":0,"menu_order":0,"comment_status":"closed","ping_status":"closed","template":"","meta":{"footnotes":""},"class_list":["post-45","page","type-page","status-publish","hentry"],"aioseo_notices":[],"jetpack_sharing_enabled":true,"_links":{"self":[{"href":"https:\/\/zintl-bodenmais.de\/shop_\/index.php?rest_route=\/wp\/v2\/pages\/45","targetHints":{"allow":["GET"]}}],"collection":[{"href":"https:\/\/zintl-bodenmais.de\/shop_\/index.php?rest_route=\/wp\/v2\/pages"}],"about":[{"href":"https:\/\/zintl-bodenmais.de\/shop_\/index.php?rest_route=\/wp\/v2\/types\/page"}],"author":[{"embeddable":true,"href":"https:\/\/zintl-bodenmais.de\/shop_\/index.php?rest_route=\/wp\/v2\/users\/1"}],"replies":[{"embeddable":true,"href":"https:\/\/zintl-bodenmais.de\/shop_\/index.php?rest_route=%2Fwp%2Fv2%2Fcomments&post=45"}],"version-history":[{"count":0,"href":"https:\/\/zintl-bodenmais.de\/shop_\/index.php?rest_route=\/wp\/v2\/pages\/45\/revisions"}],"wp:attachment":[{"href":"https:\/\/zintl-bodenmais.de\/shop_\/index.php?rest_route=%2Fwp%2Fv2%2Fmedia&parent=45"}],"curies":[{"name":"wp","href":"https:\/\/api.w.org\/{rel}","templated":true}]}}